{"id":1841,"date":"2026-01-21T15:35:07","date_gmt":"2026-01-21T15:35:07","guid":{"rendered":"https:\/\/mercadal.com.es\/?page_id=1841"},"modified":"2026-01-21T15:38:12","modified_gmt":"2026-01-21T15:38:12","slug":"entrevistes-2","status":"publish","type":"page","link":"https:\/\/mercadal.com.es\/index.php\/entrevistes-2\/","title":{"rendered":"Entrevistes"},"content":{"rendered":"\t\t<div data-elementor-type=\"wp-page\" data-elementor-id=\"1841\" class=\"elementor elementor-1841\">\n\t\t\t\t<div class=\"elementor-element elementor-element-d98f8dc e-flex e-con-boxed wpr-particle-no wpr-jarallax-no wpr-parallax-no wpr-sticky-section-no e-con e-parent\" data-id=\"d98f8dc\" data-element_type=\"container\" data-e-type=\"container\" data-settings=\"{&quot;background_background&quot;:&quot;classic&quot;}\">\n\t\t\t\t\t<div class=\"e-con-inner\">\n\t\t\t\t\t<\/div>\n\t\t\t\t<\/div>\n\t\t<div class=\"elementor-element elementor-element-2bd56dc e-flex e-con-boxed wpr-particle-no wpr-jarallax-no wpr-parallax-no wpr-sticky-section-no e-con e-parent\" data-id=\"2bd56dc\" data-element_type=\"container\" data-e-type=\"container\">\n\t\t\t\t\t<div class=\"e-con-inner\">\n\t\t\t\t<div class=\"elementor-element elementor-element-7542e09 elementor-widget elementor-widget-heading\" data-id=\"7542e09\" data-element_type=\"widget\" data-e-type=\"widget\" data-widget_type=\"heading.default\">\n\t\t\t\t\t<h2 class=\"elementor-heading-title elementor-size-default\">Entrevistes<\/h2>\t\t\t\t<\/div>\n\t\t\t\t<div class=\"elementor-element elementor-element-f4d1aaf elementor-widget elementor-widget-wpr-magazine-grid\" data-id=\"f4d1aaf\" data-element_type=\"widget\" data-e-type=\"widget\" data-widget_type=\"wpr-magazine-grid.default\">\n\t\t\t\t\t<div class=\"wpr-magazine-grid-wrap\"  data-slide-effect=\"\"><section class=\"wpr-magazine-grid wpr-mgzn-grid-1-1-3 wpr-mgzn-grid-rows-1\"><article class=\"wpr-mgzn-grid-item elementor-clearfix post-1826 post type-post status-publish format-standard has-post-thumbnail hentry category-entrevistes tag-entrevista\"><div class=\"wpr-grid-item-inner\"><div class=\"wpr-grid-media-wrap\" data-overlay-link=\"yes\"><div class=\"wpr-grid-image-wrap\" data-src=\"https:\/\/mercadal.com.es\/wp-content\/uploads\/2026\/01\/JMS9.png\" style=\"background-image: url(https:\/\/mercadal.com.es\/wp-content\/uploads\/2026\/01\/JMS9.png)\"><\/div><div class=\"wpr-grid-media-hover wpr-animation-wrap\"><div class=\"wpr-grid-media-hover-bg  wpr-overlay-fade-out wpr-anim-size-medium wpr-anim-timing-ease-default wpr-anim-transparency\" data-url=\"https:\/\/mercadal.com.es\/index.php\/2026\/01\/21\/entrevista-al-fundador-de-tardeig-by-mercadal\/\"><\/div><div class=\"wpr-grid-media-hover-bottom elementor-clearfix\"><div class=\"wpr-grid-item-category elementor-repeater-item-58451b5 wpr-grid-item-display-block wpr-grid-item-align-left wpr-pointer-none wpr-pointer-line-fx wpr-pointer-fx-fade wpr-grid-tax-style-1\"><div class=\"inner-block\"><a class=\" wpr-tax-id-63\" href=\"https:\/\/mercadal.com.es\/index.php\/category\/entrevistes\/\">Entrevistes<\/a><\/div><\/div><h2 class=\"wpr-grid-item-title elementor-repeater-item-d7df37e wpr-grid-item-display-block wpr-grid-item-align-left wpr-pointer-none wpr-pointer-line-fx wpr-pointer-fx-fade\"><div class=\"inner-block\"><a  target=\"_self\"  href=\"https:\/\/mercadal.com.es\/index.php\/2026\/01\/21\/entrevista-al-fundador-de-tardeig-by-mercadal\/\">Entrevista al fundador de Tardeig By Mercadal<\/a><\/div><\/h2><div class=\"wpr-grid-item-separator elementor-repeater-item-e026956 wpr-grid-item-display-inline wpr-grid-item-align-left wpr-grid-sep-style-1\"><div class=\"inner-block\"><span><\/span><\/div><\/div><div class=\"wpr-grid-item-date elementor-repeater-item-891e1f5 wpr-grid-item-display-inline wpr-grid-item-align-left\"><div class=\"inner-block\"><span>enero 21, 2026<\/span><\/div><\/div><\/div><\/div><\/div><\/div><\/article><\/section><\/div>\t\t\t\t<\/div>\n\t\t\t\t\t<\/div>\n\t\t\t\t<\/div>\n\t\t<div class=\"elementor-element elementor-element-866871a e-flex e-con-boxed wpr-particle-no wpr-jarallax-no wpr-parallax-no wpr-sticky-section-no e-con e-parent\" data-id=\"866871a\" data-element_type=\"container\" data-e-type=\"container\">\n\t\t\t\t\t<div class=\"e-con-inner\">\n\t\t<div class=\"elementor-element elementor-element-f04c03d e-flex e-con-boxed wpr-particle-no wpr-jarallax-no wpr-parallax-no wpr-sticky-section-no e-con e-child\" data-id=\"f04c03d\" data-element_type=\"container\" data-e-type=\"container\">\n\t\t\t\t\t<div class=\"e-con-inner\">\n\t\t\t\t<div class=\"elementor-element elementor-element-bbe57ed elementor-widget elementor-widget-text-editor\" data-id=\"bbe57ed\" data-element_type=\"widget\" data-e-type=\"widget\" data-widget_type=\"text-editor.default\">\n\t\t\t\t\t\t\t\t\t<h2 data-start=\"187\" data-end=\"264\">\ud83d\udd25 <strong data-start=\"190\" data-end=\"259\">El tardeo est\u00e0 conquerint Catalunya i tu no et pots quedar fora!<\/strong> \ud83d\udd25<\/h2><p data-start=\"266\" data-end=\"613\">T\u2019hem preparat <strong data-start=\"281\" data-end=\"314\">la guia definitiva del tardeo<\/strong>: tots els <strong data-start=\"325\" data-end=\"343\">locals m\u00e9s top<\/strong>, les <strong data-start=\"349\" data-end=\"378\">terrasses amb m\u00e9s ambient<\/strong> i els <strong data-start=\"385\" data-end=\"411\">espais imprescindibles<\/strong> per gaudir de les tardes com mai abans. Des de Barcelona fins a Lleida, Girona o Tarragona, descobreix <strong data-start=\"515\" data-end=\"597\">on prendre la millor copa, escoltar la millor m\u00fasica i viure el millor ambient<\/strong> de la ciutat.<\/p><p data-start=\"615\" data-end=\"896\">\ud83c\udfb6 <strong data-start=\"618\" data-end=\"653\">La m\u00fasica \u00e9s el cor del tardeo!<\/strong> \ud83c\udfb6<br data-start=\"656\" data-end=\"659\" \/>Coneix les <strong data-start=\"670\" data-end=\"726\">emissores de r\u00e0dio que marquen tend\u00e8ncia a Catalunya<\/strong>, les ones que posen la banda sonora de les teves tardes, i descobreix els <strong data-start=\"801\" data-end=\"842\">DJs que fan vibrar pistes i terrasses<\/strong> amb sessions exclusives que no trobar\u00e0s enlloc m\u00e9s.<\/p><p data-start=\"898\" data-end=\"1231\">\u2728 <strong data-start=\"900\" data-end=\"942\">Protagonistes reals, hist\u00f2ries \u00faniques<\/strong> \u2728<br data-start=\"944\" data-end=\"947\" \/>No nom\u00e9s locals i m\u00fasica: <strong data-start=\"973\" data-end=\"1004\">entrevistes amb propietaris<\/strong>, que ens expliquen com creen l\u2019ambient perfecte; <strong data-start=\"1054\" data-end=\"1070\">DJs catalans<\/strong>, que comparteixen els secrets de les sessions m\u00e9s electritzants; i <strong data-start=\"1138\" data-end=\"1169\">persones ass\u00eddues al tardeo<\/strong>, que ens expliquen qu\u00e8 fa que cada tarda sigui inoblidable.<\/p><p data-start=\"1233\" data-end=\"1675\">\ud83c\udf1f <strong data-start=\"1236\" data-end=\"1292\">Tardeo a Catalunya \u00e9s m\u00e9s que sortir: \u00e9s un fenomen!<\/strong> \ud83c\udf1f<br data-start=\"1295\" data-end=\"1298\" \/>Si t\u2019agrada el <strong data-start=\"1313\" data-end=\"1405\">bon ambient, la m\u00fasica que mou l\u2019\u00e0nima i les tardes que es converteixen en nits m\u00e0giques<\/strong>, aquesta guia \u00e9s el teu passi directe a l\u2019experi\u00e8ncia definitiva. <strong data-start=\"1472\" data-end=\"1532\">Explora, descobreix i viu el tardeo catal\u00e0 com mai abans<\/strong>, amb tota la informaci\u00f3 que necessites per estar al dia i no perdre\u2019t cap moment del fenomen que est\u00e0 revolucionant les tardes de Catalunya.<\/p><p data-start=\"1677\" data-end=\"1728\">\u26a1 <strong data-start=\"1679\" data-end=\"1724\">No esperis m\u00e9s: el tardeo t\u2019est\u00e0 cridant!<\/strong> \u26a1<\/p>\t\t\t\t\t\t\t\t<\/div>\n\t\t\t\t<div class=\"elementor-element elementor-element-cccdbab elementor-widget elementor-widget-heading\" data-id=\"cccdbab\" data-element_type=\"widget\" data-e-type=\"widget\" data-widget_type=\"heading.default\">\n\t\t\t\t\t<h2 class=\"elementor-heading-title elementor-size-default\">Uneix-te a la comunitat del tardeig! I...comparteix la p\u00e0gina entre els assidus a la nova tend\u00e8ncia.<\/h2>\t\t\t\t<\/div>\n\t\t\t\t\t<\/div>\n\t\t\t\t<\/div>\n\t\t<div class=\"elementor-element elementor-element-dc713c4 e-flex e-con-boxed wpr-particle-no wpr-jarallax-no wpr-parallax-no wpr-sticky-section-no e-con e-child\" data-id=\"dc713c4\" data-element_type=\"container\" data-e-type=\"container\">\n\t\t\t\t\t<div class=\"e-con-inner\">\n\t\t\t\t<div class=\"elementor-element elementor-element-224fbb6 elementor-widget elementor-widget-image\" data-id=\"224fbb6\" data-element_type=\"widget\" data-e-type=\"widget\" data-widget_type=\"image.default\">\n\t\t\t\t\t\t\t\t\t\t\t\t\t\t\t<img fetchpriority=\"high\" decoding=\"async\" width=\"960\" height=\"600\" src=\"https:\/\/mercadal.com.es\/wp-content\/uploads\/2018\/07\/vista_baba_room.jpg\" class=\"attachment-large size-large wp-image-1627\" alt=\"\" srcset=\"https:\/\/mercadal.com.es\/wp-content\/uploads\/2018\/07\/vista_baba_room.jpg 960w, https:\/\/mercadal.com.es\/wp-content\/uploads\/2018\/07\/vista_baba_room-300x188.jpg 300w, https:\/\/mercadal.com.es\/wp-content\/uploads\/2018\/07\/vista_baba_room-768x480.jpg 768w, https:\/\/mercadal.com.es\/wp-content\/uploads\/2018\/07\/vista_baba_room-600x375.jpg 600w\" sizes=\"(max-width: 960px) 100vw, 960px\" \/>\t\t\t\t\t\t\t\t\t\t\t\t\t\t\t<\/div>\n\t\t\t\t\t<\/div>\n\t\t\t\t<\/div>\n\t\t\t\t\t<\/div>\n\t\t\t\t<\/div>\n\t\t\t\t<\/div>\n\t\t","protected":false},"excerpt":{"rendered":"<p>Entrevistes Entrevistes Entrevista al fundador de Tardeig By Mercadal enero 21, 2026 \ud83d\udd25 El tardeo est\u00e0 conquerint Catalunya i tu no et pots quedar fora! \ud83d\udd25 T\u2019hem preparat la guia definitiva del tardeo: tots els locals m\u00e9s top, les terrasses amb m\u00e9s ambient i els espais imprescindibles per gaudir de les tardes com mai abans. Des de Barcelona fins a Lleida, Girona o Tarragona, descobreix on prendre la millor copa, escoltar la millor m\u00fasica i viure el millor ambient de la ciutat. \ud83c\udfb6 La m\u00fasica \u00e9s el cor del tardeo! \ud83c\udfb6Coneix les emissores de r\u00e0dio que marquen tend\u00e8ncia a Catalunya, les ones que posen la banda sonora de les teves tardes, i descobreix els DJs que fan vibrar pistes i terrasses amb sessions exclusives que no trobar\u00e0s enlloc m\u00e9s. \u2728 Protagonistes reals, hist\u00f2ries \u00faniques \u2728No nom\u00e9s locals i m\u00fasica: entrevistes amb propietaris, que ens expliquen com creen l\u2019ambient perfecte; DJs catalans, que comparteixen els secrets de les sessions m\u00e9s electritzants; i persones ass\u00eddues al tardeo, que ens expliquen qu\u00e8 fa que cada tarda sigui inoblidable. \ud83c\udf1f Tardeo a Catalunya \u00e9s m\u00e9s que sortir: \u00e9s un fenomen! \ud83c\udf1fSi t\u2019agrada el bon ambient, la m\u00fasica que mou l\u2019\u00e0nima i les tardes que es converteixen en nits m\u00e0giques, aquesta guia \u00e9s el teu passi directe a l\u2019experi\u00e8ncia definitiva. Explora, descobreix i viu el tardeo catal\u00e0 com mai abans, amb tota la informaci\u00f3 que necessites per estar al dia i no perdre\u2019t cap moment del fenomen que est\u00e0 revolucionant les tardes de Catalunya. \u26a1 No esperis m\u00e9s: el tardeo t\u2019est\u00e0 cridant! \u26a1 Uneix-te a la comunitat del tardeig! I&#8230;comparteix la p\u00e0gina entre els assidus a la nova tend\u00e8ncia.<\/p>\n","protected":false},"author":1,"featured_media":0,"parent":0,"menu_order":0,"comment_status":"closed","ping_status":"closed","template":"elementor_canvas","meta":{"_monsterinsights_skip_tracking":false,"_monsterinsights_sitenote_active":false,"_monsterinsights_sitenote_note":"","_monsterinsights_sitenote_category":0,"footnotes":""},"class_list":["post-1841","page","type-page","status-publish","hentry"],"_links":{"self":[{"href":"https:\/\/mercadal.com.es\/index.php\/wp-json\/wp\/v2\/pages\/1841","targetHints":{"allow":["GET"]}}],"collection":[{"href":"https:\/\/mercadal.com.es\/index.php\/wp-json\/wp\/v2\/pages"}],"about":[{"href":"https:\/\/mercadal.com.es\/index.php\/wp-json\/wp\/v2\/types\/page"}],"author":[{"embeddable":true,"href":"https:\/\/mercadal.com.es\/index.php\/wp-json\/wp\/v2\/users\/1"}],"replies":[{"embeddable":true,"href":"https:\/\/mercadal.com.es\/index.php\/wp-json\/wp\/v2\/comments?post=1841"}],"version-history":[{"count":4,"href":"https:\/\/mercadal.com.es\/index.php\/wp-json\/wp\/v2\/pages\/1841\/revisions"}],"predecessor-version":[{"id":1849,"href":"https:\/\/mercadal.com.es\/index.php\/wp-json\/wp\/v2\/pages\/1841\/revisions\/1849"}],"wp:attachment":[{"href":"https:\/\/mercadal.com.es\/index.php\/wp-json\/wp\/v2\/media?parent=1841"}],"curies":[{"name":"wp","href":"https:\/\/api.w.org\/{rel}","templated":true}]}}